7
Let q = -12781 + 24337. Suppose q = -5*x + 14*x. List the prime factors of x.
2, 3, 107
Suppose -4*w - 4*j + 28 = 0, -2*w - w = -3*j - 33. List the prime factors of 139*w/18*2.
139
Let l(j) = 192*j + 21. Let y be l(-9). Let f = y + 2415. What are the prime factors of f?
2, 3, 59
Let o(x) = -x**3 - 11*x**2 + 22*x + 22. Suppose -g + 5 + 0 = -b, -g = 4. Let q be o(b). Let l = -202 - q. List the prime factors of l.
2, 17
Let z(m) = m**3 + 18*m**2. Let a be z(-18). Suppose a = -6*t - 14 + 2. List the prime factors of t/((-5)/1035*2).
3, 23
What are the prime factors of -8 - (195070/35)/((28/49)/(-4))?
2, 3, 11, 197
Suppose -3*t + t + 120 = 0. Let p = 3656 - 3670. Let q = p + t. List the prime factors of q.
2, 23
Let c be (((-1)/3)/(-1))/(35/56070). Let i = c - -299. List the prime factors of i.
7, 17
What are the prime factors of ((-10)/(-35))/((-2)/14*62/(-1829062))?
2, 29501
Suppose 11*a - 83547 = 25023. List the prime factors of a.
2, 3, 5, 7, 47
Suppose -668*w = 4*s - 663*w - 202653, 4*w - 253305 = -5*s. What are the prime factors of s?
179, 283
Let h = 12954 + -9716. List the prime factors of h.
2, 1619
Suppose -6*m - 8*m = 18830. Let h = 2100 + m. What are the prime factors of h?
5, 151
Let g(d) = 10*d - 207. Let o be g(22). Suppose 2*a - 5*f - 846 = 0, -f - o = -a + 416. What are the prime factors of a?
433
Suppose 4*h - 35 = -3*g, 0 = -2*g - h + 17 - 2. Suppose 5*v + g*o - 643 = 1897, 3*o + 1500 = 3*v. Suppose -5*c + v = -c. List the prime factors of c.
2, 3, 7
Suppose 2*f + b = -804 + 261, 2*f + 5*b = -563. Let c = 503 + f. What are the prime factors of c?
2, 3, 13
Let v(q) = -q**3 + 6*q**2 + 7*q - 7. Let u = 47 - 41. Let g be v(u). Let f = g - 17. List the prime factors of f.
2, 3
Let h be (-31 - -7)/(1 - (-3 + 3)). Let j = -37 - 0. Let u = h - j. List the prime factors of u.
13
Let y = 18083 + -4096. List the prime factors of y.
71, 197
Let c = 66021 + -33123. What are the prime factors of c?
2, 3, 5483
Let t = -6 + 11. Suppose 0 = a + 4*x - 11 + 45, 0 = a + t*x + 38. Let j(d) = d**2 + 11*d - 17. List the prime factors of j(a).
109
Suppose 9*b = b. Let n be (-1)/(-2)*14 - 2. Suppose 0 = u - b*u - 2*i - 34, n*i + 127 = 4*u. List the prime factors of u.
2, 7
Let v = 627 + -213. Let k be (-28)/(-13) + (-8)/52. Suppose 2*b = k*c + 210, b - 2*c = 5*b - v. What are the prime factors of b?
2, 13
Let k(n) = -99*n**3 + n**2 + 69*n + 17. List the prime factors of k(-7).
2, 3, 5, 13, 43
Suppose 0 = -3*i - 5*c - 1535, 24*c = 4*i + 23*c + 2085. Let u = -271 - i. What are the prime factors of u?
3, 83
Let r be 12/(-9)*(-9)/(-3)*-1. Suppose -x = r*y - 67, 4*x - 82 = 3*x + y. List the prime factors of x.
79
Let c(y) = y**2 - 11*y**2 + 6 + 2*y**2 + 9*y**2 - 12*y. Let j be c(11). Let o = j + 89. What are the prime factors of o?
2, 3, 7
Suppose -11 = -13*s + 41. Suppose -s*z - 2*c + 1657 = -409, 2590 = 5*z - 5*c. List the prime factors of z.
11, 47
Suppose -4*r = 8, 0 = 4*o + 2*r - 8248 - 7540. Suppose -v + 5*a + 1974 = 0, 2*v + 3*a - o = -0*v. What are the prime factors of v?
2, 3, 7, 47
Let q be 14/(-6)*(43 - 46). Let d be (4/3 - 2)*-6. Suppose 4*u = -5*r + 811, q*r - 457 = d*r + 5*u. List the prime factors of r.
3, 53
Suppose -53*c - 1506 = -47*c. Let b = 104 - c. What are the prime factors of b?
5, 71
Let w be ((-3)/(-6))/((-1)/30). Let g be 2385/(-3)*5/w. Suppose -15*s + 20*s = g. List the prime factors of s.
53
Let w = 79 + -55. Let y be (-244)/(-6)*-12*(-6)/w. Suppose -8*d + 1082 = y. List the prime factors of d.
2, 3, 5
Let c(f) = -2 + 25*f**2 - f + 3 - 6. Let h be c(-3). Suppose 2*s - h = 5*z, 0 = -2*s - 5*z - 119 + 352. List the prime factors of s.
2, 3, 19
Suppose -102218 = -5*r + 2*y, -y = -2*r - 4766 + 45655. List the prime factors of r.
2, 5, 7, 73
Suppose 5 = -2*m - 3*x, 3*m + 4*x + 6 + 0 = 0. Let a(y) be the second derivative of 7*y**4/6 + 2*y**3/3 - 2*y**2 - y + 5. List the prime factors of a(m).
2, 3, 5
Let o be ((-5)/6 - 36364/24) + -4. What are the prime factors of (o/(-50))/(3/105)?
2, 7, 19
Let f(d) = d**3 + 49*d**2 - 115*d + 150. What are the prime factors of f(-38)?
2, 5101
Let n be (-34)/(-10) - (-3)/5 - 6. What are the prime factors of (-14568)/(-56) - n/(-14)?
2, 5, 13
Let r(d) = 10*d - 85. Let f(b) = -21*b + 168. Let t(l) = -4*f(l) - 9*r(l). What are the prime factors of t(8)?
3, 5
Suppose -2*r + 12 = -4*r + 2*h, -2*r + h - 12 = 0. Let n be (36/(-27))/((-4)/r). List the prime factors of 452*(n + 1 + 21/14).
2, 113
Suppose 137722 = 40*v + 131654 - 730732. What are the prime factors of v?
2, 3, 5, 307
What are the prime factors of (-6)/(-11) - 356901075/(-6105)?
3, 13, 1499
Let m be ((-640)/25)/(14/(-35)). Suppose 3*w - 98 = t, -4 = 3*w + 5. Let b = m - t. List the prime factors of b.
3, 19
Suppose 4*s + 1335 = 3*q, -q - 16 = -s - 462. Let a = q + -194. List the prime factors of a.
3, 5, 17
Let v(z) = -z**2 - 10*z - 19. Let n = 136 - 77. Suppose 9*d = -4 - n. List the prime factors of v(d).
2
Suppose -41 + 132 = 7*h. List the prime factors of (2/(-3))/(h/(-11817)).
2, 3, 101
Suppose 2*l - f - 2*f - 291 = 0, 5*f - 593 = -4*l. Let b(z) = -z - 43. Let v be b(0). Let s = l + v. What are the prime factors of s?
2, 13
Suppose -9*c = -6435 - 13977. Suppose -2*f = -i + 750, 3*i - 9*f + 12*f - c = 0. What are the prime factors of i?
2, 13, 29
Let p = -5682 + 8986. List the prime factors of (-36)/45 + 0 - p/(-5).
2, 3, 5, 11
Let g(f) = 82*f + 35. Let d be g(9). List the prime factors of 3 - (15/(-10) + d/(-2)).
17, 23
Suppose -9*i + 4*s + 8778 = -7*i, 0 = -i - 5*s + 4347. What are the prime factors of i?
3, 1459
Suppose -2*h = 2*h - 2232. Suppose -3*d + 5*d - h = 0. Let u = -181 + d. What are the prime factors of u?
2, 7
Suppose -v + 1341 = -2*h, h + 4033 = -v + 4*v. What are the prime factors of v?
5, 269
Let r(b) = b**3 + 2*b**2 + 2*b + 348. Let k = -57 + 57. What are the prime factors of r(k)?
2, 3, 29
Suppose 38410 = 4*y - 8*b - 13246, 4*b = 5*y - 64534. List the prime factors of y.
2, 6451
Suppose 3*t - 2 = 5*b, -3*b - t + 5 = -5. Suppose 2*i + 563 = 4*y + i, -2*y - b*i + 284 = 0. Suppose -y + 521 = 4*c. List the prime factors of c.
5, 19
Suppose -q + 9 = -0*q - 5*j, -4*j = -q + 9. Suppose 9 + q = 6*r. Let s = r + 38. What are the prime factors of s?
41
Suppose -4*q - 2*z = -114076, -4*q - 17*z + 114070 = -16*z. What are the prime factors of q?
2, 7129
List the prime factors of -43 + (53 - 3) - ((-1)/1 - 6797).
5, 1361
Let h = 359 - 358. Suppose -v = -3*v + 4. What are the prime factors of ((-43)/v)/(h/(-2))?
43
Let i be 4/6*((-108)/(-24) - 0). Suppose -3097 = -3*n - 2*y + 373, -4*y = i*n - 3460. What are the prime factors of n?
2, 5, 29
What are the prime factors of 3125 + (0 - (12 + -25))?
2, 3, 523
Let w be 5/(-4) + (-13)/(-52). Suppose -103 = 5*u - 4*z, 4*u + 3 = -3*z - 67. List the prime factors of (w - (4 + -1))*u.
2, 19
Suppose 140 = -5*l - 4*c + 6*c, 0 = l + 2*c + 28. Let d(o) = -3*o + 348. List the prime factors of d(l).
2, 3
Let i(k) = 204*k**2 - 178*k - 8. What are the prime factors of i(-6)?
2, 11, 191
Suppose -5*v + 10 = 4*b - 10, -v = b - 4. Suppose 5*p + 2*m - 2 = 0, 3 = -p + 11*m - 8*m. Suppose 56 = -p*x + x + j, -3*j - 15 = b. List the prime factors of x.
61
List the prime factors of (-997325)/(-200) - (-9)/24.
4987
Suppose 0 = -8*k - 3 + 1707. Let h = k - -225. What are the prime factors of h?
2, 3, 73
Suppose 87908 = 85*p + 9283. What are the prime factors of p?
5, 37
Let v(w) = -4*w. Let j be v(-1). Suppose -5*i - 101 = 4*q - 1965, -j*q + 1864 = -i. What are the prime factors of q?
2, 233
Let j(s) = -19*s - 110 - 7*s - 42 - 2*s. What are the prime factors of j(-21)?
2, 109
Let b = -101 + 106. Suppose -385 = -b*y + 2*o + 2*o, -3*o + 385 = 5*y. Let i = y + 65. List the prime factors of i.
2, 71
Let t be ((-22)/(-6))/((-3 + -2)/(-15)). Let q(r) = r**2 + 2*r - 8. Let n be q(t). Let c = n + 5. List the prime factors of c.
2, 5, 7
Suppose -105054 + 894 = -20*g. List the prime factors of g.
2, 3, 7, 31
Suppose -7576 = y + 1031 - 39869. List the prime factors of y.
2, 7, 11, 29
Let z be (-66)/121 + (-25380)/55. Let o = z + 943. What are the prime factors of o?
13, 37
Let o be 7/(-21) - 16/(-12). What are the prime factors of o/(6/1428) + 2?
2, 3, 5
Let l(b) = -9*b - 2. Let t(z) = -14*z - 49. Let x be t(-3). What are 